f 64010 and 370?
370
What is the greatest common divisor of 583366 and 63?
7
What is the greatest common divisor of 3520 and 19525?
55
Calculate the greatest common divisor of 2427469 and 803.
803
Calculate the greatest common divisor of 633 and 143691.
633
What is the greatest common divisor of 620 and 104408?
124
What is the highest common factor of 538266 and 66?
6
What is the greatest common divisor of 13635 and 705?
15
What is the greatest common divisor of 321441 and 9?
3
Calculate the highest common factor of 249 and 821451.
249
Calculate the highest common divisor of 36544 and 10816.
64
What is the highest common divisor of 29 and 416063?
29
Calculate the highest common divisor of 2910 and 257826.
582
Calculate the greatest common factor of 1291034 and 712.
178
Calculate the greatest common factor of 115458 and 1491.
21
What is the highest common divisor of 1645904 and 193?
193
Calculate the highest common divisor of 1272 and 17649.
159
Calculate the highest common factor of 8642 and 5510.
58
Calculate the greatest common divisor of 6200 and 480.
40
What is the highest common divisor of 145232 and 406?
58
What is the highest common factor of 137682 and 45?
9
Calculate the highest common divisor of 110 and 253.
11
What is the highest common factor of 264205 and 265?
265
Calculate the greatest common factor of 155 and 17515.
155
What is the greatest common factor of 95 and 600?
5
What is the greatest common divisor of 56 and 15752?
8
Calculate the highest common factor of 28914 and 1891.
61
Calculate the greatest common factor of 17409 and 77.
7
What is the highest common factor of 45 and 84195?
45
Calculate the greatest common factor of 465735 and 4575.
915
Calculate the greatest common factor of 311094 and 18.
18
What is the highest common divisor of 11 and 1250601?
11
What is the greatest common divisor of 8948688 and 14?
14
Calculate the greatest common factor of 522 and 1980410.
58
What is the greatest common divisor of 68 and 451962?
34
What is the highest common factor of 47 and 253471?
47
Calculate the highest common divisor of 21425 and 50.
25
Calculate the greatest common factor of 2390 and 200.
10
Calculate the highest common divisor of 188172 and 84.
12
Calculate the highest common divisor of 93 and 3142563.
93
Calculate the greatest common factor of 116 and 796.
4
Calculate the highest common factor of 121 and 25036.
11
Calculate the greatest common factor of 5648 and 21296.
16
Calculate the highest common factor of 8507 and 1448.
181
What is the highest common factor of 702 and 912951?
351
Calculate the greatest common factor of 8 and 10510.
2
Calculate the highest common factor of 2128 and 12288.
16
Calculate the greatest common factor of 172 and 6404.
4
What is the highest common divisor of 5270 and 190?
10
What is the highest common factor of 19 and 337?
1
What is the greatest common factor of 578 and 2040?
34
What is the highest common factor of 21358 and 118?
118
Calculate the greatest common factor of 646 and 17102.
34
Calculate the highest common factor of 87 and 2987.
29
Calculate the greatest common divisor of 1111 and 306757.
11
Calculate the greatest common divisor of 220 and 411620.
220
What is the greatest common factor of 39621 and 2679?
141
Calculate the highest common divisor of 2353 and 16652.
181
What is the greatest common factor of 21309620 and 1180?
1180
Calculate the highest common factor of 50 and 34975.
25
What is the highest common divisor of 166805 and 365?
365
What is the greatest common factor of 1036 and 33226?
74
What is the greatest common factor of 363 and 14982?
33
What is the greatest common factor of 2551 and 5?
1
What is the highest common divisor of 1289365 and 357?
119
What is the highest common divisor of 115026 and 6?
6
What is the greatest common factor of 77825 and 1025?
25
Calculate the greatest common factor of 457 and 2393309.
457
Calculate the greatest common factor of 164805 and 30.
15
Calculate the highest common factor of 78595 and 880.
55
What is the highest common factor of 70308 and 13636?
28
What is the greatest common divisor of 52 and 50726?
26
What is the highest common factor of 12 and 63978?
6
Calculate the highest common factor of 948 and 101594.
158
What is the greatest common factor of 5198 and 966?
46
Calculate the greatest common factor of 32732 and 3332.
196
Calculate the greatest common factor of 2822 and 2312.
34
Calculate the greatest common factor of 1612 and 484.
4
What is the highest common factor of 2150 and 102770?
430
What is the greatest common divisor of 9856 and 664?
8
What is the greatest common divisor of 74 and 48914?
74
Calculate the greatest common factor of 36959 and 13.
13
Calculate the highest common factor of 7739360 and 160.
160
What is the highest common divisor of 751179 and 572?
143
Calculate the greatest common factor of 193687 and 39.
13
What is the highest common divisor of 7077 and 4683?
21
What is the highest common divisor of 17307 and 1?
1
Calculate the highest common divisor of 312 and 1350.
6
What is the highest common factor of 1950 and 5970?
30
What is the highest common divisor of 24 and 98640?
24
What is the greatest common factor of 52 and 1001468?
52
What is the greatest common factor of 30 and 994395?
15
What is the highest common factor of 22880 and 1560?
520
Calculate the greatest common factor of 103260 and 60.
60
Calculate the highest common factor of 275 and 14750.
25
What is the highest common divisor of 995 and 9858460?
995
Calculate the highest common divisor of 51003 and 18.
9
Calculate the greatest common factor of 3135 and 5280.
165
What is the highest common divisor of 65 and 202865?
65
What is the highest common factor of 43 and 326413?
43
What is the greatest common factor of 690336 and 6256?
272
What is the highest common divisor of 9540 and 1219?
53
Calculate the highest common factor of 153237 and 9.
3
What is the highest common factor of 98397 and 4437?
261
Calculate the greatest common divisor of 2564861 and 13.
13
What is the greatest common factor of 38521 and 28?
7
What is the greatest common factor of 2715042 and 24?
6
What is the highest common factor of 703750 and 3378?
1126
Calculate the highest common divisor of 99 and 504636.
33
What is the highest common divisor of 6350 and 450?
50
Calculate the highest common factor of 11790 and 13140.
90
What is the greatest common divisor of 6 and 303306?
6
Calculate the highest common divisor of 55090 and 16310.
70
Calculate the greatest common factor of 105 and 168105.
105
Calculate the greatest common divisor of 108735 and 165.
165
Calculate the highest common divisor of 15984 and 9472.
592
Calculate the greatest common divisor of 154 and 17304.
14
Calculate the greatest common factor of 1547260 and 3575.
715
What is the greatest common factor of 3485292 and 12?
12
What is the highest common factor of 78892 and 220?
44
What is the highest common factor of 1386 and 148995?
693
Calculate the greatest common divisor of 7588 and 3920.
28
What is the greatest common divisor of 6768 and 141376?
752
Calculate the highest common factor of 1086 and 384.
6
Calculate the highest common factor of 1212 and 24543.
303
What is the greatest common divisor of 11638 and 26818?
506
Calculate the highest common divisor of 8015592 and 6.
6
What is the greatest common divisor of 45619 and 49?
49
Calculate the highest common divisor of 220777 and 1587.
23
What is the greatest common factor of 44066 and 528?
22
Calculate the greatest common factor of 18 and 64062.
18
Calculate the highest common factor of 7530975 and 45.
45
What is the highest common divisor of 6978 and 78?
6
Calculate the highest common divisor of 1715 and 24696.
343
What is the highest common divisor of 2041 and 221?
13
Calculate the greatest common factor of 1930492 and 1356.
452
Calculate the highest common factor of 8686554 and 12.
6
What is the highest common divisor of 228960 and 2340?
180
What is the highest common factor of 1680 and 915?
15
Calculate the greatest common factor of 23877 and 693.
63
What is the greatest common divisor of 4389 and 7392?
231
What is the highest common factor of 62174 and 2030?
14
What is the greatest common divisor of 297746 and 2?
2
What is the highest common factor